36047.
155
Calculate the remainder when 104538 is divided by 14854.
560
What is the remainder when 20853 is divided by 1602?
27
Calculate the remainder when 6802 is divided by 1106.
166
Calculate the remainder when 1575783 is divided by 5880.
5823
Calculate the remainder when 39101 is divided by 908.
57
Calculate the remainder when 371834317 is divided by 520.
517
What is the remainder when 1125960 is divided by 908?
40
What is the remainder when 42840 is divided by 20930?
980
What is the remainder when 59018 is divided by 29084?
850
Calculate the remainder when 41946 is divided by 8316.
366
What is the remainder when 7064 is divided by 88?
24
Calculate the remainder when 2000967 is divided by 12201.
3
Calculate the remainder when 1085467 is divided by 394.
391
Calculate the remainder when 129943 is divided by 1881.
154
What is the remainder when 87642 is divided by 88?
82
What is the remainder when 65270 is divided by 8585?
5175
What is the remainder when 616505 is divided by 55919?
1396
What is the remainder when 949516 is divided by 513?
466
Calculate the remainder when 60083299 is divided by 57.
55
What is the remainder when 14765231 is divided by 48?
47
What is the remainder when 948283 is divided by 717?
409
Calculate the remainder when 3652271 is divided by 521749.
28
Calculate the remainder when 10200553 is divided by 93.
34
What is the remainder when 39573 is divided by 14?
9
What is the remainder when 8605482 is divided by 59348?
22
Calculate the remainder when 2093925 is divided by 189.
183
Calculate the remainder when 64243 is divided by 32000.
243
What is the remainder when 42488 is divided by 5545?
3673
Calculate the remainder when 677023 is divided by 677021.
2
Calculate the remainder when 104778253 is divided by 710.
3
What is the remainder when 26323 is divided by 4020?
2203
Calculate the remainder when 49764 is divided by 109.
60
Calculate the remainder when 44588033 is divided by 1427.
1418
What is the remainder when 21158928 is divided by 47?
45
Calculate the remainder when 345365 is divided by 21158.
6837
What is the remainder when 15192749 is divided by 36?
29
Calculate the remainder when 575895 is divided by 143951.
91
What is the remainder when 375251 is divided by 374621?
630
Calculate the remainder when 2195579 is divided by 3672.
3395
Calculate the remainder when 211574 is divided by 3264.
2678
What is the remainder when 3348202 is divided by 4990?
4902
Calculate the remainder when 43521 is divided by 1893.
1875
What is the remainder when 1314361 is divided by 3199?
2771
What is the remainder when 29141 is divided by 8842?
2615
What is the remainder when 396045 is divided by 66006?
9
Calculate the remainder when 1656979 is divided by 100.
79
What is the remainder when 2219555 is divided by 2560?
35
Calculate the remainder when 23613 is divided by 761.
22
Calculate the remainder when 142147 is divided by 7425.
1072
Calculate the remainder when 418088 is divided by 1430.
528
What is the remainder when 398911091 is divided by 1595?
1591
Calculate the remainder when 3917358 is divided by 554.
24
Calculate the remainder when 15050719 is divided by 21.
19
Calculate the remainder when 186290 is divided by 93064.
162
What is the remainder when 449057 is divided by 320?
97
What is the remainder when 54952 is divided by 27238?
476
Calculate the remainder when 67107686 is divided by 51.
50
Calculate the remainder when 55897073 is divided by 39.
11
What is the remainder when 135440714 is divided by 47842?
12
What is the remainder when 63677 is divided by 995?
992
Calculate the remainder when 17274 is divided by 822.
12
Calculate the remainder when 14039 is divided by 13851.
188
Calculate the remainder when 1648126 is divided by 329602.
116
What is the remainder when 885662 is divided by 626?
498
Calculate the remainder when 83276894 is divided by 7001.
7000
Calculate the remainder when 53143 is divided by 43.
38
What is the remainder when 91498305 is divided by 82?
81
What is the remainder when 1497643 is divided by 53471?
455
Calculate the remainder when 873085 is divided by 242.
191
Calculate the remainder when 671956 is divided by 3231.
3139
What is the remainder when 10469167 is divided by 1072?
15
What is the remainder when 21143 is divided by 6123?
2774
What is the remainder when 26017594 is divided by 1369345?
39
Calculate the remainder when 4654553 is divided by 179021.
7
Calculate the remainder when 182277 is divided by 1875.
402
Calculate the remainder when 5156019 is divided by 198307.
37
Calculate the remainder when 18988106 is divided by 431.
401
What is the remainder when 6420518 is divided by 119?
111
What is the remainder when 1812060 is divided by 497?
495
Calculate the remainder when 26027440 is divided by 3.
1
What is the remainder when 143291 is divided by 47441?
968
Calculate the remainder when 3548529 is divided by 75.
54
What is the remainder when 7824315 is divided by 28?
23
What is the remainder when 6846174 is divided by 5210?
234
Calculate the remainder when 13900 is divided by 1853.
929
Calculate the remainder when 60724002 is divided by 30.
12
Calculate the remainder when 1124385 is divided by 234.
15
Calculate the remainder when 208456137 is divided by 30.
27
Calculate the remainder when 210532 is divided by 105256.
20
Calculate the remainder when 8553961 is divided by 950439.
10
Calculate the remainder when 1729270 is divided by 576420.
10
What is the remainder when 12049 is divided by 4384?
3281
What is the remainder when 3288273 is divided by 15?
3
What is the remainder when 2374905 is divided by 1476?
21
What is the remainder when 14621 is divided by 4394?
1439
What is the remainder when 226156 is divided by 1345?
196
What is the remainder when 3411726 is divided by 8?
6
Calculate the remainder when 4118 is divided by 3922.
196
What is the remainder when 243913 is divided by 265?
113
Calculate the remainder when 20481190 is divided by 104.
54
Calculate the remainder when 1800517 is divided by 450120.
37
Calculate the remainder when 22826496 is divided by 675.
21
Calculate the remainder when 18186575 is divided by 8065.
0
Calculate the remainder when 57210933 is divided by 7151366.
5
What is the remainder when 4504278 is divided by 145299?
9
Calculate the remainder when 4720725 is divided by 717.
714
What is the remainder when 12248451 is divided by 338?
7
What is the remainder when 1459080 is divided by 647?
95
Calculate the remainder when 739973 is divided by 43521.
116
What is the remainder when 248742 is divided by 41445?
72
What is the remainder when 22305551 is divided by 1149?
14
Calculate the remainder when 12124124 is divided by 912.
908
What is the remainder when 27666305 is divided by 27666282?
23
What is the remainder when 4823693 is divided by 100?
93
Calculate the remainder when 190707612 is divided by 63.
60
Calculate the remainder when 932458 is divided by 932323.
135
Calculate the remainder when 7338217 is divided by 170.
167
Calculate the remainder when 252609 is divided by 22709.
2810
Calculate the remainder when 3565204 is divided by 366.
364
Calculate the remainder when 395907 is divided by 1031.
3
Calculate the remainder when 1370316 is divided by 2849.
2796
What is the remainder when 110212459 is divided by 91?
84
What is the remainder when 18173 is divided by 17927?
246
What is the remainder when 2150124 is divided by 489?
480
What is the remainder when 4072524 is divided by 1023?
984
What is the remainder when 215290 is divided by 229?
30
Calculate the remainder when 5550346 is divided by 17.
16
What is the remainder when 88892097 is divided by 369?
366
What is the remainder when 15458432 is divided by 498659?
3
What is the remainder when 136169774 is divided by 262876?
6
What is the remainder when 37861237 is divided by 4206803?
10
Calculate the remainder when 179394 is divided by 373.
354
Calculate the remainder when 13310751 is divided by 1331061.
141
What is the remainder when 104029 is divided by 1131?
1108
What is the remainder when 14795 is divided by 821?
17
Calculate the remainder when 12242586 is divided by 111296.
26
What is the remainder when 121218 is divided by 60508?
202
What is the remainder when 959365 is divided by 47752?
4325
What is the remainder 